 is divided by 327?
10
What is the remainder when 111 is divided by 29?
24
What is the remainder when 336 is divided by 159?
18
Calculate the remainder when 3215 is divided by 134.
133
What is the remainder when 2175 is divided by 33?
30
What is the remainder when 964 is divided by 46?
44
Calculate the remainder when 303 is divided by 44.
39
What is the remainder when 358 is divided by 121?
116
What is the remainder when 318 is divided by 80?
78
Calculate the remainder when 416 is divided by 106.
98
Calculate the remainder when 935 is divided by 18.
17
What is the remainder when 501 is divided by 12?
9
What is the remainder when 111 is divided by 18?
3
Calculate the remainder when 546 is divided by 55.
51
Calculate the remainder when 432 is divided by 23.
18
What is the remainder when 587 is divided by 49?
48
Calculate the remainder when 2476 is divided by 118.
116
Calculate the remainder when 196 is divided by 31.
10
Calculate the remainder when 669 is divided by 6.
3
Calculate the remainder when 94 is divided by 39.
16
Calculate the remainder when 938 is divided by 41.
36
Calculate the remainder when 6162 is divided by 57.
6
What is the remainder when 1648 is divided by 10?
8
Calculate the remainder when 1795 is divided by 36.
31
Calculate the remainder when 1866 is divided by 93.
6
Calculate the remainder when 290 is divided by 49.
45
Calculate the remainder when 96 is divided by 64.
32
Calculate the remainder when 6262 is divided by 2087.
1
Calculate the remainder when 95 is divided by 16.
15
Calculate the remainder when 2999 is divided by 12.
11
Calculate the remainder when 113 is divided by 56.
1
What is the remainder when 906 is divided by 120?
66
What is the remainder when 61 is divided by 42?
19
What is the remainder when 192 is divided by 97?
95
What is the remainder when 425 is divided by 93?
53
What is the remainder when 24719 is divided by 201?
197
What is the remainder when 432 is divided by 14?
12
What is the remainder when 9473 is divided by 22?
13
What is the remainder when 15311 is divided by 58?
57
What is the remainder when 349 is divided by 21?
13
What is the remainder when 9 is divided by 5?
4
What is the remainder when 59 is divided by 19?
2
Calculate the remainder when 1215 is divided by 156.
123
What is the remainder when 231 is divided by 23?
1
Calculate the remainder when 694 is divided by 27.
19
What is the remainder when 19 is divided by 1?
0
Calculate the remainder when 272 is divided by 52.
12
What is the remainder when 5050 is divided by 163?
160
Calculate the remainder when 7 is divided by 2.
1
What is the remainder when 707 is divided by 137?
22
Calculate the remainder when 430 is divided by 54.
52
Calculate the remainder when 134 is divided by 17.
15
What is the remainder when 440 is divided by 21?
20
Calculate the remainder when 4658 is divided by 37.
33
What is the remainder when 1005 is divided by 21?
18
What is the remainder when 2446 is divided by 51?
49
What is the remainder when 569 is divided by 30?
29
What is the remainder when 1018 is divided by 30?
28
Calculate the remainder when 125 is divided by 42.
41
Calculate the remainder when 65 is divided by 25.
15
What is the remainder when 2009 is divided by 19?
14
What is the remainder when 60 is divided by 17?
9
Calculate the remainder when 35938 is divided by 11976.
10
Calculate the remainder when 12725 is divided by 14.
13
What is the remainder when 2147 is divided by 33?
2
Calculate the remainder when 27 is divided by 19.
8
Calculate the remainder when 3361 is divided by 41.
40
Calculate the remainder when 3409 is divided by 310.
309
Calculate the remainder when 213 is divided by 14.
3
Calculate the remainder when 876 is divided by 40.
36
Calculate the remainder when 461 is divided by 453.
8
What is the remainder when 221 is divided by 53?
9
What is the remainder when 205 is divided by 136?
69
What is the remainder when 24 is divided by 8?
0
Calculate the remainder when 241 is divided by 35.
31
Calculate the remainder when 150 is divided by 17.
14
Calculate the remainder when 163 is divided by 14.
9
Calculate the remainder when 220 is divided by 29.
17
Calculate the remainder when 578 is divided by 181.
35
What is the remainder when 523 is divided by 21?
19
Calculate the remainder when 213 is divided by 30.
3
Calculate the remainder when 15 is divided by 15.
0
Calculate the remainder when 25 is divided by 3.
1
Calculate the remainder when 342 is divided by 43.
41
Calculate the remainder when 4921 is divided by 51.
25
What is the remainder when 521 is divided by 175?
171
What is the remainder when 175 is divided by 116?
59
What is the remainder when 10486 is divided by 38?
36
Calculate the remainder when 100 is divided by 51.
49
Calculate the remainder when 95 is divided by 51.
44
What is the remainder when 112 is divided by 72?
40
What is the remainder when 1184 is divided by 119?
113
What is the remainder when 958 is divided by 303?
49
What is the remainder when 43 is divided by 17?
9
What is the remainder when 16306 is divided by 23?
22
Calculate the remainder when 8715 is divided by 14.
7
What is the remainder when 410 is divided by 59?
56
What is the remainder when 360 is divided by 35?
10
What is the remainder when 347 is divided by 176?
171
Calculate the remainder when 1030 is divided by 36.
22
Calculate the remainder when 301 is divided by 16.
13
Calculate the remainder when 512 is divided by 27.
26
Calculate the remainder when 275 is divided by 69.
68
Calculate the remainder when 195 is divided by 35.
20
What is the remainder when 334 is divided by 16?
14
Calculate the remainder when 71 is divided by 42.
29
Calculate the remainder when 50247 is divided by 201.
198
Calculate the remainder when 115 is divided by 6.
1
What is the remainder when 27 is divided by 19?
8
What is the remainder when 1151 is divided by 568?
15
What is the remainder when 2701 is divided by 130?
101
What is the remainder when 123 is divided by 31?
30
Calculate the remainder when 286 is divided by 97.
92
What is the remainder when 422 is divided by 47?
46
What is the remainder when 20486 is divided by 197?
195
Calculate the remainder when 4346 is divided by 9.
8
Calculate the remainder when 293 is divided by 37.
34
Calculate the remainder when 318 is divided by 93.
39
What is the remainder when 220 is divided by 116?
104
Calculate the remainder when 74 is divided by 13.
9
Calculate the remainder when 58 is divided by 31.
27
Calculate the remainder when 6239 is divided by 889.
16
Calculate the remainder when 24333 is divided by 24.
21
What is the remainder when 134 is divided by 15?
14
Calculate the remainder when 116 is divided by 13.
12
What is the remainder when 74 is divided by 17?
6
What is the remainder when 85 is divided by 13?
7
What is the remainder when 23811 is divided by 162?
159
Calculate the remainder when 646 is divided by 13.
9
What is the remainder when 4956 is divided by 87?
84
What is the remainder when 8504 is divided by 85?
4
Calculate the remainder when 185 is divided by 24.
17
Calculate the remainder when 124 is divided by 45.
34
Calculate the remainder when 114 is divided by 8.
2
What is the remainder when 473 is divided by 17?
14
Calculate the remainder when 4858 is divided by 10.
8
Calculate the remainder when 765 is divided by 182.
37
What is the remainder when 66 is divided by 52?
14
What is the remainder when 4046 is divided by 368?
366
What is the remainder when 1169 is divided by 44?
25
Calculate the remainder when 512 is divided by 85.
2
What is the remainder when 73 is divided by 31?
11
What is the remainder when 701 is divided by 47?
43
Calculate the remainder when 206 is divided by 13.
11
Calculate the remainder when 8528 is divided by 18.
14
What is the remainder when 1707 is divided by 61?
60
What is the remainder when 1825 is divided by 63?
61
Calculate the remainder when 3538 is divided by 73.
34
Calculate the remainder when 977 is divided by 89.
87
Calculate the remainder when 1735 is divided by 24.
7
What is the remainder when 298 is divided by 25?
23
What is the remainder when 236 is divided by 45?
11
Calculate the remainder when 7523 is divided by 3.
2
Calculate the remainder when 480 is divided by 123.
111
What is the remain